t k be u(p). What is a(k)?
-24
Let q(s) = -21367*s + 7124*s - 338 + 7111*s + 7110*s. Give q(-15).
-8
Let k(w) = -w**3 + 8*w**2 + 20*w - 78. Suppose -17*g - 60 + 213 = 0. Determine k(g).
21
Let r(u) be the second derivative of -u**3/6 + 2*u**2 - 4*u. Suppose v - 3*m = 16 - 52, 3*v - 5*m + 88 = 0. Let s be (9/5)/(v/30 + 1). Determine r(s).
-2
Suppose 0 = -4*j, 12*y - 4*j - 180 = 17*y. Let k be 9/y*(42/2 - 1). Let b(h) = 4*h + 24. What is b(k)?
4
Let h(p) = 2*p**2 - 40*p - 4. Suppose 9*w - 4*w = 5*c - 75, 3*w = 2*c - 25. Give h(c).
-4
Let k be 2 + (7 - 2) + 16. Suppose -k*b + 29 + 17 = 0. Let v(o) = 1 - 1 - 4*o + 2 + 8*o**2 - 4*o**2. What is v(b)?
10
Let d(l) = 2*l**2 + l - 9. Let h(o) = -4*o**2 + 91*o - 74. Let k(t) = 3*d(t) + h(t). Give k(-48).
-5
Let b be 4 - (119/21 - (-16)/12). Let i(y) = 2*y**2 - 5*y - 27. Give i(b).
6
Let c = 21527 - 21526. Let g(v) = 55*v**3 + v**2 - 1. Determine g(c).
55
Let d(j) = -15*j**3 - j**2. Let f(m) = 15 + 22*m + 6 - m**2 + 0 + 3. Let p be f(23). Determine d(p).
-16
Let h(n) = -n**2 + 2*n + 5. Let f = 457 - 117. Let w = f + -337. What is h(w)?
2
Let k(i) = i**2 + 4*i - 93. Let n(c) = -2*c**2 - 9*c + 193. Let j(u) = 7*k(u) + 3*n(u). Calculate j(8).
0
Let k(c) = 14*c + 11. Let p(l) = -l**3 - 2*l**2 + 40*l + 124. Let i be p(-5). Give k(i).
-3
Let i(n) = 5 - 32*n**3 + 7840*n**2 + 33*n**3 - 7832*n**2 - 19*n. Give i(-10).
-5
Let o be (1 + 4)/(38/114). Suppose o*j = -33*j + 432. Let v(t) = t**3 - 10*t**2 + 9*t - 1. What is v(j)?
-1
Suppose -8*m + 765 = -5*m. Let f = 251 - m. Let p(i) = 9*i - 2. Determine p(f).
-38
Let r be (54/(-12))/(6/8). Let q(h) be the second derivative of -h**4/6 - 4*h**3/3 + 5*h**2/2 + h + 32. Determine q(r).
-19
Let c(i) = -i**2 + 7*i - 5. Let n(z) = 21*z**2 - 13*z - 2. Suppose 0 = 4*a + 4*q - 7 - 1, 3*q = 4*a - 1. Let b be n(a). Determine c(b).
1
Suppose 2*i + f = 9, 4*i - 3*i - 5*f = 21. Suppose z - 4 = 0, -4*r - 3*z + i*z = -8. Let x(p) be the first derivative of -p**2 - 4*p - 14. What is x(r)?
-14
Let a(p) = p**3 - 5*p**2 + 3*p - 9. Let w = 487 - 482. Let v be w - (-686)/(-126) - (-49)/9. Calculate a(v).
6
Let a(p) = p**3 + 7*p**2 - 2*p - 1. Let i be (-3)/(0 + 1) + 2058/14. Let g = -152 + i. Give a(g).
-49
Let t(w) = -3*w**2 - w + 15. Let z(n) be the first derivative of 14*n**3/3 + 5*n**2/2 - 61*n - 18. Let s(m) = 9*t(m) + 2*z(m). What is s(0)?
13
Let u(a) be the first derivative of -a**2/2 + 64*a - 3927. Give u(15).
49
Let a(h) = -6*h - 69. Let k(c) = -51*c - 419. Let t be k(-8). Determine a(t).
-3
Let v = -11586 + 11587. Let a(n) = -63*n + 68. What is a(v)?
5
Suppose -w - p + 102 - 32 = 0, -5*w = p - 362. Let o = 78 - w. Suppose 2*y + 15 = o*y. Let a(c) = c**3 - 4*c**2 - 4*c + 2. What is a(y)?
7
Let n(p) = p**3 - 11*p**2 + 17*p + 18. Let k(q) = -q**3 - 5*q**2 + 232*q + 1535. Let a be k(-7). What is n(a)?
9
Let u(m) = 6*m + 97. Let a be u(-16). Let c(r) = -40 + 0 + a - 2*r + 6 + 15. Give c(-7).
-4
Let f(l) = -75*l**2 - 3*l + 5*l - 4*l - 2*l + 69*l**2 - 5. Determine f(-1).
-7
Suppose -14 = -3*m - 2. Let v(p) = 0*p**2 + m*p + 2 + 3*p - 10 + p**2. Suppose 2*c - 9 = 3*x - 15, 2*x + 10 = -c. Calculate v(c).
-14
Let m(f) be the third derivative of f**4/8 + f**3 + f**2. Let t(r) = -98*r**3 + 2*r**2 + 4*r - 3. Let s be t(-2). Let a = 777 - s. Give m(a).
-6
Let m(p) = -p**3 - 14*p**2 + 17*p - 10. Suppose w - 2177 = 3*u - 2139, -3*w = 21. Calculate m(u).
-40
Let s(x) be the second derivative of x**4/3 - 23*x**3/3 - 14*x**2 - 4*x + 119. What is s(12)?
-4
Let s(z) = 11*z - 4. Suppose -5*u + 2*m - 20 = 5*m, u - 3 = -2*m. Calculate s(u).
-81
Suppose q - 3*b = b + 30, -8*q + 30 = 3*b. Let k(x) = x**3 - 5*x**2 - 7*x + 16. Give k(q).
10
Let d(b) = 7*b - 37. Let f(m) = 22*m - 106. Let n(j) = -8*d(j) + 3*f(j). What is n(10)?
78
Let k be 5 + ((-48)/30)/(2/5). Suppose 0 = 3*v + 5 + k. Let z(o) = o + 1. Let r(g) = 5*g + 5. Let d(q) = r(q) - 3*z(q). What is d(v)?
-2
Let g(o) = -o**2 + 4*o + 6. Let a(k) = -k**3 + 17*k**2 + 2*k - 28. Suppose -2*p = -58*j + 54*j - 38, -2*j + 83 = 5*p. Let l be a(p). Determine g(l).
-6
Let a(k) be the first derivative of 5*k**3/3 + 2*k - 1426. Calculate a(2).
22
Let b(u) = -7*u**2 + 41*u - 7. Let d(y) = -15*y**2 + 92*y - 14. Let j(f) = 9*b(f) - 4*d(f). Give j(-3).
-37
Let r be (-99)/117 - (848/104 - 8). Let c(g) = 34*g**3 - 2*g**2 - 8*g - 5. Calculate c(r).
-33
Let f(t) = 16*t - 4. Let u(z) = 33*z - 8. Let s(x) = -14*f(x) + 6*u(x). Calculate s(3).
-70
Let q(x) = -5*x - 56. Let l = -1807 - -1793. Calculate q(l).
14
Let m(o) = 2*o**2 + 3*o + 2. Let w(c) = c - 28 + c - c - 5*c. Let s be w(-8). Let u be s + (-6)/((-12)/(-14)). What is m(u)?
11
Let b = -98 - -108. Suppose -5*n + b = -4*j, 6*n + 4*j - 2 = 9*n. Let p(h) = -h**2 + 5*h + 5. Calculate p(n).
-1
Let p(u) = -2*u**3 + 76*u**2 + 76*u + 86. Suppose 7*n - 46*n - 24*n + 2457 = 0. What is p(n)?
8
Let m = 127 + -123. Suppose 3*p - 15 = -3*x, -2*p - 5 = -5*x + m*x. Suppose -40*q + 45*q = -x. Let g(c) = 4*c**3 + c**2 + c. Calculate g(q).
-4
Let a = -41 + 34. Let f(k) = -k - 7. Let r(h) = -h - 8. Let d(n) = -2*f(n) + 3*r(n). Calculate d(a).
-3
Let i(w) = 302*w - 9 - 19 - 596*w + 292*w - 30. What is i(-13)?
-32
Let z be 24/(-88) - (-962)/(-143). Let l(k) = -k**3 - 11*k**2 - 26*k + 27. What is l(z)?
13
Let c(p) = p**2 - 29*p + 121. Let m be c(24). Let w be m/(-4 + 90/24). Let z(u) = -u**3 - 3*u**2 + u + 1. Give z(w).
13
Let h be 8 + -15 + 36/4. Let c(j) = -13*j - 17*j + 6 - 8*j + 40*j + h. Let s be (-86)/10 - (-6)/(-15). Calculate c(s).
-10
Let j(o) = 138*o + 1802. Let n be j(-13). Let h(g) = -22*g + 185. Calculate h(n).
9
Suppose -2*s - 8 + 4 = 0. Let z be (-8)/s + -3 + 6. Let l(h) = 7*h + 4*h**2 - z*h**2 - 5 + 3*h + 2*h**2. Give l(8).
11
Suppose -6*t - 24 = -3*t. Let u be t/(-36) + (-86)/(-18). Let a(o) = -u*o**2 + 1 + 7 - o - 13*o + o**3 + 7*o. What is a(6)?
2
Suppose -32*v + 171*v = 67*v + 216. Let s(t) = -t. Let c(j) = -j**2 + j - 1. Let y be c(0). Let p(f) = -2*f**2 - 1. Let w(m) = y*p(m) + 3*s(m). Determine w(v).
10
Let p(z) = -19*z + z**2 - 8*z**3 - 32*z + 3 + 81*z - 25*z. What is p(-1)?
7
Let m = 47/14 + -20/7. Let j(o) be the first derivative of -26 - o + o**2 - 1/3*o**3 + m*o**4. Determine j(1).
2
Let m(c) = -c**2 + 2*c. Let w be m(1). Let q(g) be the third derivative of -2/3*g**4 + 0 - 1/6*g**3 - 13*g**2 + 0*g. Calculate q(w).
-17
Let y = 543 - 509. Let r be ((-3)/(-2) - 85/y)/1. Let f(t) = 7*t**2 + t + 1. Calculate f(r).
7
Let j(c) = -3*c**3 - 24*c**2 - 34*c + 40. Let z(f) = -4*f**3 - 26*f**2 - 34*f + 42. Let y(g) = -3*j(g) + 2*z(g). Calculate y(-18).
0
Let a(y) = 4*y**2 + 21*y - 523. Let o(d) = d**2 - 99. Let g(l) = a(l) - 5*o(l). What is g(15)?
62
Let a(u) = -41*u**2 - 23*u + 34. Let m(h) = 11*h**2 + 8*h - 11. Let t(q) = 2*a(q) + 7*m(q). Determine t(1).
-4
Let h(n) = -133*n**2 - 14 - 135*n**2 + 270*n**2 + 33*n. Calculate h(-17).
3
Let h(a) = 2*a - 51. Let k be h(9). Let g be 3 - (k/(-22))/((-2)/(-4)). Let o(t) = -t**3 - t + 28. Determine o(g).
28
Let w(a) = 2*a**2 - 8*a - a**2 + 9 + 5 - 78 + 61. Calculate w(7).
-10
Let o(d) be the second derivative of d**4/4 + 5*d**3/6 + 5*d**2/2 + 3*d + 22. Determine o(-3).
17
Suppose 2*q - h = 238 - 250, -q = 2*h + 21. Let k(n) = n**2 + 8*n - 14. Calculate k(q).
-5
Let a(j) = -j**3 - 19*j**2 + 12*j + 222. Let s be (9 + 10)*(-3 - -2). Calculate a(s).
-6
Let o(m) = 4*m - 2 - 4 + 4 - 1. Let j = -16561 + 16555. Give o(j).
-27
Suppose 2*l - 7*l + 30 = 0. Let m(p) = -92 + 0*p + 6*p - 5*p + 83. Calculate m(l).
-3
Let o(i) be the first derivative of i**3 - 41*i**2/2 + 41*i + 111. What is o(13)?
15
Let u(b) = b**2 - 12*b + 35. Let a be u(8). Let z(s) = -2*s - 5*s**3 + 204 + s**2 - 2*s**3 + 0*s**a - 203. Give z(1).
-7
Let j(f) = 2*f**2 - f - 2. Suppose 4*c - 45 = -5*h + 3, 27 = 3*h + 3*c. Suppose 9*b = h*b - 105. Suppose 6*p = -z + p + 23, 5*p = 5*z + b. Determine j(z).
8
Let v(c) = 3*c - 20. Let b be v(6). Let f(y) = -y**2 - 1. Suppose 0 = -5*r + 2*r + 3. Let s(k) = k**3 - 2*k. Let l(a) = r*f(a) - s(a). What is l(b)?
-1
Let i(l) be the third derivative of -l**5/30 - 25*l**4/12 + l**3 - 336*l**2. What is i(-25)?
6
Let l(b) = 4*b**2 + 92*b - 155. Let v(w) = -w**2 - 24*w + 37. Let y(i) = -6*l(i) - 23*v(i). Calculate y(10).
-21
Let q(l) = l**2 + 5*l - 5. Let x = 1414 - 898. Suppose -4*v - 2*v + x = 0